se -p = -0*p - 17. Suppose 4667 = -p*i + 30*i. What is the tens digit of i?
5
Suppose 42 = -3*s + 9*s. Suppose -5*c - w = -2019, s*c - 5*w = 3*c + 1592. What is the hundreds digit of c?
4
Let c be 28/10 + ((-18)/10 - -2). Let r be (-185)/(-4) + 11/(-44). Suppose -43*g = -r*g + c. What is the units digit of g?
1
Suppose -2*u - 230 = 5*v, 429 = -5*u - v - 192. Suppose -13*b + 2506 = b. Let l = u + b. What is the units digit of l?
4
Suppose 2*w = w + 2*w. Suppose -4*o + 339 = -w*n + 5*n, -2*o + n + 159 = 0. What is the tens digit of o?
8
Let s(m) = m + 38. Let j be s(-15). Suppose -18*b = -j*b + 30. Suppose -c + 854 = b*c. What is the hundreds digit of c?
1
Let y(l) = -3*l - 12. Let w be y(-8). Let k = w + -20. What is the units digit of 6*k/12 - -81?
7
Suppose 3*o + 266 - 122 = 0. What is the hundreds digit of 20885/35 + -2 + o/(-21)?
5
Let q = 76 + -66. Suppose y - 2 = q. Suppose 264 = y*k - 4*k. What is the units digit of k?
3
Suppose 0 = -45*d + 51*d - 2004. Let n = -96 + d. What is the units digit of n?
8
Let b = 21400 - 13296. What is the hundreds digit of b?
1
Let l(h) = -369*h + 20. Let o be l(-4). Suppose o = 3*w - 436. What is the tens digit of w?
4
Suppose 79365 = 25*x + 8*x. Suppose -4*y - 1924 = -4*o, 5*o + 4*y = -y + x. What is the tens digit of o?
8
Suppose 0 = 2*w + 2*v - 15706, 4*v = -2*w + 3165 + 12551. Suppose 87*d - 78*d - w = 0. What is the tens digit of d?
7
Let w(n) = 58*n + 61. Let m be w(17). Let u = m - 257. What is the units digit of u?
0
Let r = 52 - 24. Let p = r + -6. What is the units digit of -144*(2 - p/8)?
8
What is the units digit of -12 + 6 - (-1434*5 - 0 - -1)?
3
Let v(w) = 384*w - 5. Let d be v(2). Let k be (2/2)/(3 - 2296/d). Let q = k - -177. What is the tens digit of q?
6
Let u be -99*(1 + -7)/((-2)/(-3)). Suppose -5*n + 1789 = 4*r - u, -20 = 4*r. What is the hundreds digit of n?
5
Suppose 2*c = 3*h - 10, -20 = 5*c + 14*h - 19*h. Let b(r) = -11*r - 3 - 12*r - 6. What is the units digit of b(c)?
7
Let y = 6810 - 4625. Let l = y - 1061. What is the units digit of l?
4
Let c be 4 - (4 - (3 + 39)). Suppose -12 = -46*j + c*j. What is the units digit of (-2)/(8/(-100))*j?
5
Suppose -25*d + 501221 = -697254. What is the hundreds digit of d?
9
Let w(n) = 120*n**2 + 9*n - 5. Let p(a) = 240*a**2 + 18*a - 13. Let y(j) = -4*p(j) + 9*w(j). What is the hundreds digit of y(-3)?
0
Let h be 3/3*0 - 0. Suppose 18*q - 10*q - 1024 = h. Suppose 0 = 5*m - 532 - q. What is the tens digit of m?
3
Let t(s) = -10*s + 23. Let q(x) = 31*x - 70. Let i(n) = -2*q(n) - 7*t(n). Suppose 6*y - 30 = 54. What is the units digit of i(y)?
1
Let k(t) = 691*t - 1363. What is the thousands digit of k(9)?
4
Suppose -87112 = -2*k + 5*b + 234, -b + 43694 = k. What is the thousands digit of k?
3
Let n(y) = y**2 + 10*y - 39. Let x be n(4). Let z(m) = 5*m**2 - 61*m + 17. What is the tens digit of z(x)?
2
Suppose -8*w - 5*k + 191 = -4*w, -k + 265 = 5*w. Suppose 6*c - w = 1530. Let u = -151 + c. What is the units digit of u?
3
Let j(c) be the first derivative of c**3 - 31*c**2/2 + 108*c - 122. What is the tens digit of j(18)?
2
Suppose 2*a + 711 = 2341. Suppose -3*h + 6*h = 4*f - 1085, h = 3*f - a. What is the tens digit of f?
7
Suppose 2*a - 4*a + 11592 = 0. Suppose 0 = -20*z - z + a. What is the tens digit of z?
7
Let w be 22/(2 + (-32)/18). Let x be ((-18)/12)/(w/(-30) + 3). Suppose x*i - 105 = 35. What is the units digit of i?
8
Let z be -2 + 3 + 0 - -207. Suppose 205*q - z*q = -543. What is the units digit of q?
1
What is the units digit of (-14)/(-2) - (-24353)/(-49)*2370/(-21)?
7
Suppose -16*y + 102*y - 145526 = 108002. What is the tens digit of y?
4
Let f(p) = 12*p + 195. Let k be f(-17). What is the tens digit of ((-1467)/27 + k)*(-168)/10?
6
Let h = -17 - -17. Suppose h = -3*p - 7 + 16. Suppose 3*x + x - 158 = -5*g, -p*x = g - 124. What is the tens digit of x?
4
Suppose 3*f = 5*j - 225 + 3, -4*f + 139 = 3*j. Let l = j - -114. What is the hundreds digit of l?
1
What is the thousands digit of ((-57)/21 - (-39)/13)*17913?
5
Suppose 4*p = p - 6, -25823 = -j + 4*p. What is the units digit of j?
5
Let j(y) = -2*y**3 + 24*y**2 + 27*y - 13. Let l be j(13). Suppose l = 25*o + 6 - 31. What is the units digit of o?
1
Suppose 13*n = -2*n + 8565. Let i = n + -99. Let l = i - 210. What is the hundreds digit of l?
2
Suppose 2486187 = -6991*v + 7024*v. What is the ten thousands digit of v?
7
Suppose 0 = l - 3*m - 29, 5*l + 32*m = 29*m + 109. Suppose 587 = g + 4*y, 20 = -l*y + 19*y. What is the units digit of g?
7
Let l = 59 - 54. Suppose -l*d = 3*g + 6, -4*g + 23 = -3*d + 2. What is the units digit of 12/8*(3 + (-307)/d)?
8
Let t(k) = -3*k**3 + 53*k**2 + 20*k - 6. What is the thousands digit of t(15)?
2
Let v(j) = 2*j**2 - j + 402. What is the tens digit of v(83)?
9
Let x be 1 + -11 + 16/8. What is the hundreds digit of 48/128 - 6061/x?
7
What is the ten thousands digit of 101585*(22 + 972/(-45))?
4
Suppose -18*s + 15462 = 2628. Suppose 0 = 10*o - s - 747. What is the hundreds digit of o?
1
Let k = -3275 + 5151. What is the tens digit of k?
7
Suppose -69 + 71 = 2*n, 3*g + 4*n = 38560. What is the hundreds digit of g?
8
Suppose 0 = 318*q - 272*q - 1355114. What is the tens digit of q?
5
Let j = -139 - -139. Let l = 2 - j. Suppose -l*f + 89 = -5*v - 392, 5*v = -f + 263. What is the units digit of f?
8
Suppose 0*r - 5*n = 2*r + 16, 5*r + 21 = -3*n. Let w be 8 + (-4 - (2 + r)). What is the units digit of 3/(12/137) - w/20?
4
Let b = 2766 - 852. What is the hundreds digit of b?
9
Let a(t) = -t**3 + 2*t**2 + 4*t - 6. Let w be a(2). Suppose -5*s - y - 111 = 0, -5*s - w*y - 112 = -0*s. What is the tens digit of (-2878)/s - 16/(-88)?
3
Let o = 89 + -88. Let a(s) = -5*s**3 + 5*s**2 + 10*s + 3. Let l(n) = n**3 + n**2 + n. Let y(x) = o*a(x) - 6*l(x). What is the hundreds digit of y(-3)?
2
Let d(t) = t**3 - 14*t**2 + 28*t - 37. Let y be d(12). Suppose -5*z = y*z - 19712. What is the thousands digit of z?
1
Let p(q) = 13*q**2 + 27*q + 147. Let g(t) = t**3 - 20*t**2 + 21*t - 47. Let w be g(19). What is the tens digit of p(w)?
5
Let g(n) be the first derivative of 212*n**2 + 17*n - 238. What is the tens digit of g(3)?
8
Let y be 5 + (3 - (6 + 2984)). What is the tens digit of ((-6)/15)/(2 - y/(-1490))?
9
Suppose 3*y + 4*y + 2401 = 0. Let p = y + 643. What is the tens digit of p?
0
Suppose k - 4*x + 25 = x, -4*k - x = -5. Suppose 6*g + 5*g - 22484 = k. What is the units digit of 3/((-12)/28 - (-918)/g)?
6
Suppose 421 = 5*h + 4*t, -4*h - 5*t + 335 = -0*t. Suppose -387*r + 2812 = -425*r. Let m = r + h. What is the units digit of m?
1
Let l(r) = 3*r**3 - 5*r**2 + 3*r + 3. Let t = 132 - 186. Let x = t - -57. What is the tens digit of l(x)?
4
Let q(a) = -511*a - 2. Let x be q(-5). Let r be x/9 - 1/(-3). Suppose -r = -49*z + 45*z. What is the units digit of z?
1
Suppose -5*t + 2*z - 12 = z, 3*t + z + 12 = 0. Let b be 33/12 + t + (-671)/4. What is the units digit of (-1)/(-1) - 14*b/16?
8
Let c(b) = 81*b - 63. Let a be c(4). What is the tens digit of 116/a*(-5931)/(-2)?
1
Let l(v) = 30*v**2 - 15*v + 74. Let r be l(4). Let m = 705 - r. What is the units digit of m?
1
Let v = -37289 - -49012. What is the units digit of v?
3
Let z be (-96)/(-5)*(-65)/(-26). Suppose 3*d + 5*p = 2432 - z, 0 = 2*d - 3*p - 1583. What is the tens digit of d?
9
Let u = -594 - -417. Let n = -109 - u. What is the units digit of n?
8
Let t(f) = -f**3 + 2*f**2 + 16*f + 76. What is the units digit of t(-11)?
3
Let a = -1267 - -34122. What is the tens digit of a?
5
Suppose -10*l + 19213 = -2227. Suppose 28 = 2*g - l. What is the units digit of g?
6
Suppose -3*s = -5*t - 0*s - 9, -3*t = -5*s - 1. Let x be 2 + -6*t/6. Suppose 0*d + x*d = 65. What is the units digit of d?
3
Let i(u) be the second derivative of 0 + 5*u - 41/2*u**2 + 4/3*u**3. What is the units digit of i(13)?
3
Suppose 7*a - 12 = 4*a. Suppose 0 = 10*s - a*s - 24. Suppose c + 4*t = 164, -s*t = 2 + 2. What is the units digit of c?
8
Suppose -3*o = -15, 4*g + 834*o - 833*o = 67281. What is the units digit of g?
9
Suppose 3916 = 4*b - m, b + 2*m = 5*b - 3920. Suppose 274*j = 277*j - b. What is the hundreds digit of j?
3
Let m(w) be the first derivative of -1/4*w**4 + 11 + 5/3*w**3 - 7*w + 8*w**2. What is the units digit of m(7)?
7
Suppose -15*j + 2441 